2, 7, 11
Let c = -890 - -1331. What are the prime factors of c?
3, 7
Suppose -7*s = -3*s + 228. Let v = -33 - s. Let l = v + -13. What are the prime factors of l?
11
Suppose 2*c = -3*c - 30. Let x(y) = -5*y + 6. What are the prime factors of x(c)?
2, 3
Suppose 4*y = -w - 3*w + 8, 0 = 3*w + 5*y. Suppose -w*q = 3*l - 163, -47 = -0*l - l + 2*q. Suppose -2*s + l = s. What are the prime factors of s?
17
Let j be 8*1*63/36. Let q(m) = -3 + j*m + 1 + 0. What are the prime factors of q(2)?
2, 13
What are the prime factors of 0 + 10 + 3129 + 0?
43, 73
Let f(a) = 122*a + 90. Let w(o) = -41*o - 30. Let u(y) = 3*f(y) + 8*w(y). What are the prime factors of u(4)?
2, 7, 13
Let q(m) = 22*m + 15 - 26*m + 11*m. List the prime factors of q(4).
43
Let p(h) = 0*h - h**2 - h - h**3 - 3*h**2 - 6 - h. Suppose j = -3*w - 13, -4*j + 15 = -4*w + 3. What are the prime factors of p(w)?
2
Let a = -6 - -28. Suppose x - a = 12. List the prime factors of (x/(-10))/((-9)/45).
17
Let z(k) = 3*k - 15. Let o be z(6). Suppose -5*p + 123 = -o*r + 5*r, 2*p - 3*r - 53 = 0. List the prime factors of p.
5
Suppose -7000 = -3*d + 4*x - 2600, -5*d + 7352 = -2*x. List the prime factors of d.
2, 23
Suppose 7*n - 5 - 16 = 0. Suppose 0 = 2*v - 5*s - 135, -n*v - s + 40 = -137. What are the prime factors of v?
2, 3, 5
Let y = 187 - -261. Suppose 0 = 2*s + 6*s - y. List the prime factors of s.
2, 7
Let p(h) be the second derivative of 5*h**3/3 - 2*h**2 + 2*h. Let a be p(-7). List the prime factors of 4/(-12)*(a + -4).
2, 13
Suppose -80290 = 2*z - 16*z. What are the prime factors of z?
5, 31, 37
What are the prime factors of 3 + 75516/20 + 20/(-25)?
2, 1889
Let f(j) = -3*j - 5. Let s be f(-9). Suppose 0 = -3*b + s + 50. What are the prime factors of b?
2, 3
Suppose -5*u = -u - 12. Suppose -u*p = -3*q - 186, -2*p + p + 52 = q. What are the prime factors of p?
3, 19
Let f(q) = -129*q - 10. List the prime factors of f(-5).
5, 127
Suppose 0 = -b - 10 - 29. Suppose -14 = -2*h - 36. Let t = h - b. What are the prime factors of t?
2, 7
Let a = -539 - -904. List the prime factors of a.
5, 73
Let g = 2 - 1. Suppose 14 = 5*a - g. Suppose -a*n + 61 = -8. List the prime factors of n.
23
Let x = 2117 - 873. List the prime factors of x.
2, 311
Let w(i) be the third derivative of -i**4/24 + 11*i**3/6 - 11*i**2. Let v be w(12). Let l(a) = -50*a - 2. List the prime factors of l(v).
2, 3
Let k be ((-1)/(4/(-20)))/(2 - 1). Suppose 2*d - k*d + 585 = 0. What are the prime factors of d?
3, 5, 13
Suppose 31*m = 17*m + 8176. What are the prime factors of m?
2, 73
Suppose 0 = -t + 2*z - 5*z + 1987, 0 = 4*z + 8. List the prime factors of t.
1993
Suppose 14*g = -12560 + 49604. List the prime factors of g.
2, 3, 7
Let x be (1/(-3))/(1/(-33)). Let u(g) = 5*g**2 - 13*g + 4. Let v(a) = a**2 - a - 1. Let j(d) = u(d) - 4*v(d). List the prime factors of j(x).
2, 3, 5
Let d be ((-858)/11)/(1 - 3). Let j be 52/d*(-18)/(-8). Suppose -2*v - j*v + 145 = 0. List the prime factors of v.
29
Suppose 2*w + 3*a - 7430 - 1739 = 0, -4*a = w - 4587. List the prime factors of w.
4583
Let v(r) = 15*r**2. Let s = 10 + -9. Suppose -s = -3*y + 2*y. What are the prime factors of v(y)?
3, 5
Let l = 17 + -13. Suppose -l = 4*g - 12. List the prime factors of (3/(-12))/(g/(-152)).
19
Let z be ((-1)/2)/((-11)/154). List the prime factors of (120/(-28))/((-1)/z).
2, 3, 5
Suppose 4*g = -i + 5*g + 1308, 0 = 5*i - 3*g - 6546. What are the prime factors of i?
3, 19, 23
Let r = 15 + -11. Suppose -r*c - 173 = -a - c, -a - 5*c + 189 = 0. What are the prime factors of a?
179
Let w = 1180 - 613. List the prime factors of w.
3, 7
Suppose 3 = 4*u + 11. What are the prime factors of 32/12*(-57)/u?
2, 19
Let k(l) = -3*l - 2 + 11 - 1 + l**2 + l. Let q be k(6). Let x = -11 + q. List the prime factors of x.
3, 7
Let h = 415 - 284. What are the prime factors of h?
131
Let a(x) = 71*x - 741. List the prime factors of a(13).
2, 7, 13
Let h = 334 - 29. List the prime factors of h.
5, 61
Let r(j) = -j**2 - 11*j - 13. Let u be r(-9). Suppose 2*p - 4*v - 161 - 19 = 0, -u*p + 2*v + 434 = 0. List the prime factors of p.
2, 43
Let j be -2*(-2 - 20/(-8)). Let b be (1 + 0)*-1 + j. List the prime factors of (9/36)/(b/(-184)).
23
Let d(i) = i**3 + 45*i**2 + 29*i - 76. List the prime factors of d(-44).
2, 73
Suppose 31 + 38 = b. Suppose s = 189 - b. Suppose -v - 3*v = -s. What are the prime factors of v?
2, 3, 5
Let b = 873 + -414. List the prime factors of b.
3, 17
Suppose -4*l + 0 = -36. Let c be (-1 + -2)*(-165)/l. Suppose -10 + c = x. What are the prime factors of x?
3, 5
Let m(j) = -j**2 - 7*j - 4. Let c be m(-5). Let n(d) = 4*d**2 - 5*d + 9. What are the prime factors of n(c)?
3, 41
Let t(y) = 2*y**3 - 6*y**2 + y - 2. Let w be t(3). List the prime factors of 111*(w - (2/(-3))/(-2)).
2, 37
Suppose -13*w + 32040 = -3*w. What are the prime factors of w?
2, 3, 89
Let b(t) = -4*t**2 + 153*t + t**3 - 1 + 153*t - 307*t - t**2. List the prime factors of b(6).
29
List the prime factors of 1247/((6 + 3)/18).
2, 29, 43
Suppose -11*d = -15*d - 36. Let n(u) = u**2 - u + 29. List the prime factors of n(d).
7, 17
What are the prime factors of -23*-13*(3 + -1)?
2, 13, 23
Suppose 3*s + 3 = 0, 0 = -4*z - 0*z - s + 7. Suppose -2*g - z*y = -178, -8*g + 3*g = -4*y - 400. List the prime factors of g.
2, 3, 7
Suppose -86 = -2*x + m, -4*x - m + 127 = -45. Suppose 48*w - 45 = x*w. What are the prime factors of w?
3
Let l be (0 - -118)/1 + 2. Let c = l - 64. List the prime factors of c.
2, 7
Suppose 442 = -3*q + 100. Let s = 170 + q. List the prime factors of s.
2, 7
Let h(w) = 2*w**2 + 8*w + 1. Let g be h(-8). Let x = g + -52. List the prime factors of x.
13
Let i(j) = 46*j - 23. Let q(m) = 15*m - 8. Let t(h) = -6*i(h) + 17*q(h). What are the prime factors of t(-3)?
5, 13
Let b be (-2)/(((-21)/6)/7). Suppose f + 6 = -4*k + 330, -4*f - 344 = -b*k. What are the prime factors of k?
2, 41
Let w be -3 - (60/(-4))/3. Suppose h + p = -2*p - w, -h - 4 = 4*p. Suppose 5*x - 290 = -h*g, 0 = 5*x - 2*g + g - 290. What are the prime factors of x?
2, 29
Suppose 2*s - 4*s = -4. Suppose 3*d = s*d. Suppose -4*z + 53 - 13 = d. List the prime factors of z.
2, 5
Suppose -2*r + 21 = -3*b, 3*b - 42 = -5*r - 0*b. Let h = 229 + r. What are the prime factors of h?
2, 7, 17
List the prime factors of 4188/9 - 0 - 52/(-78).
2, 233
Let x = -22 - -59. What are the prime factors of x?
37
Let u = -223 + 329. List the prime factors of u.
2, 53
Suppose g + 1 = 0, 8*d - g = 6*d + 1139. List the prime factors of d.
569
Let m be -4 + 0 + (-1 - -5). Suppose m*n - n = 11. What are the prime factors of (-6)/33 - 354/n?
2
Let y(h) = -14 + 87*h**2 - 86*h**2 - 5*h - 2 + 4*h. What are the prime factors of y(9)?
2, 7
Let n = -65 + 67. Suppose 3*g - 288 = n*g. List the prime factors of g.
2, 3
Let l(x) = 75*x**3 + 2*x**2 - 5*x + 3. What are the prime factors of l(1)?
3, 5
Suppose 2*x = -4*f + x + 8523, -10651 = -5*f - 4*x. List the prime factors of f.
2131
Let u(a) = -a**3 + 2*a**2 + a + 4. Let n be u(2). Suppose -k + 238 = n*k. What are the prime factors of k?
2, 17
Suppose 617 = 10*p - 1293. Let f = p + -120. List the prime factors of f.
71
Let y be 1 - (2 - (2 - -3)). Suppose 0 = -y*q + 713 - 17. What are the prime factors of q?
2, 3, 29
Let l(z) = 22*z - 1. Let m be l(-1). Let u = m - -17. What are the prime factors of u/(-18)*(-1 - -82)?
3
Suppose -30*o + 25*o - 1721 = -4*z, -5*z + 2105 = 3*o. What are the prime factors of z?
2, 53
Suppose -268*n + 266*n = -5256. What are the prime factors of n?
2, 3, 73
Let c(s) = s**2 - 22*s + 29. Let f be c(21). Let a be 21/14*f/(-6). What are the prime factors of a/4*(5 - 63)?
29
Suppose -3*n + 4*b = -4971, -n - 38*b = -37*b - 1664. What are the prime factors of n?
11, 151
Suppose -l = -1, 2*x - 2*l + 23 + 11 = 0. Suppose 0*u = 2*u - 12. What are the prime factors of (-984)/x*4/u?
41
Let s = -3 + 4. Let w(u) = 8*u**3 - u**2 + u - 1. Let i be w(s). What are the prime factors of 1*i*(-162)/(-63)?
2, 3
Suppose 4*y = -4, y = -2*m + 6*y + 417. What are the prime factors of m?
2, 103
Suppose -5*t + 680 = 2*q + 3*q, -2*t = 3*q - 268. List the prime factors of t.
2, 5, 7
Suppose 0 = -0*n + 4*n. Suppose z + 1 - 6 = n. Suppose d - m + 118 = 4*d, -5*m + 180 = z*d. List the prime factors of d.
41
Let i(p) = -3*p +